{"id":27406,"date":"2018-08-15T09:49:55","date_gmt":"2018-08-15T09:49:55","guid":{"rendered":"https:\/\/heatavajuhend.epkk.ee\/piimatootleja\/?page_id=27406"},"modified":"2021-05-26T11:07:37","modified_gmt":"2021-05-26T11:07:37","slug":"taidetav-enesekontrolliplaan","status":"publish","type":"page","link":"https:\/\/heatavajuhend.epkk.ee\/piimatootleja\/taidetav-enesekontrolliplaan\/","title":{"rendered":"T\u00e4idetav enesekontrolliplaan"},"content":{"rendered":"<div class=\"wpb-content-wrapper\"><p>[vc_row row_type=&#8221;row&#8221; use_row_as_full_screen_section=&#8221;no&#8221; type=&#8221;full_width&#8221; text_align=&#8221;left&#8221; css_animation=&#8221;&#8221;][vc_column][vc_column_text]<\/p>\n<h3>Piimat\u00f6\u00f6tlejate enesekontrolliplaani dokumentatsiooni loomise lihtsustamiseks leiad siit allalaaditava ja v\u00e4ljaprinditava digitaalse l\u00e4htedokumendi, mida saad kohandada vastavalt oma ettev\u00f5ttele.<\/h3>\n<p>[\/vc_column_text][vc_empty_space height=&#8221;60px&#8221;][\/vc_column][\/vc_row][vc_row row_type=&#8221;row&#8221; use_row_as_full_screen_section=&#8221;no&#8221; type=&#8221;full_width&#8221; text_align=&#8221;left&#8221; css_animation=&#8221;&#8221;][vc_column width=&#8221;1\/3&#8243;][vc_column_text] K\u00f5rvalolevas aknas saad tutvuda dokumendiga eelvaates. Kasutamiseks ja kohandamiseks kl\u00f5psa alloleval nupul ning laadi MS Wordi formaadis faili koopia oma seadmesse. [\/vc_column_text][vc_empty_space]<a href=\"https:\/\/heatavajuhend.epkk.ee\/piimatootleja\/wp-content\/uploads\/2019\/12\/EKP-taitmiseks-piimatootleja-161219.doc\" target=\"_self\" data-hover-background-color=#ff5400 data-hover-border-color=#ff5400  class=\"qbutton  qbutton_with_icon\" style=\"\">LAADI ALLA (.doc)<i class=\"button_icon  fa fa-file-word-o\" style=\"\"><\/i><\/a>[vc_empty_space height=&#8221;60px&#8221;][\/vc_column][vc_column width=&#8221;2\/3&#8243;][vc_column_text]<\/p>\n<div class=\"ead-preview\"><div class=\"ead-document\" style=\"position: relative;padding-top: 90%;\"><div class=\"ead-iframe-wrapper\"><iframe src=\"\/\/docs.google.com\/viewer?url=https%3A%2F%2Fheatavajuhend.epkk.ee%2Fpiimatootleja%2Fwp-content%2Fuploads%2F2019%2F12%2FEKP-taitmiseks-piimatootleja-161219.pdf&amp;embedded=true&amp;hl=en\" title=\"Embedded Document\" class=\"ead-iframe\" style=\"width: 100%;height: 100%;border: none;position: absolute;left: 0;top: 0;visibility: hidden;\"><\/iframe><\/div>\t\t\t<div class=\"ead-document-loading\" style=\"width:100%;height:100%;position:absolute;left:0;top:0;z-index:10;\">\n\t\t\t\t<div class=\"ead-loading-wrap\">\n\t\t\t\t\t<div class=\"ead-loading-main\">\n\t\t\t\t\t\t<div class=\"ead-loading\">\n\t\t\t\t\t\t\t<img loading=\"lazy\" decoding=\"async\" src=\"https:\/\/heatavajuhend.epkk.ee\/piimatootleja\/wp-content\/plugins\/embed-any-document\/images\/loading.svg\" width=\"55\" height=\"55\" alt=\"Loader\">\n\t\t\t\t\t\t\t<span>Loading...<\/span>\n\t\t\t\t\t\t<\/div>\n\t\t\t\t\t<\/div>\n\t\t\t\t\t<div class=\"ead-loading-foot\">\n\t\t\t\t\t\t<div class=\"ead-loading-foot-title\">\n\t\t\t\t\t\t\t<img loading=\"lazy\" decoding=\"async\" src=\"https:\/\/heatavajuhend.epkk.ee\/piimatootleja\/wp-content\/plugins\/embed-any-document\/images\/EAD-logo.svg\" alt=\"EAD Logo\" width=\"36\" height=\"23\"\/>\n\t\t\t\t\t\t\t<span>Taking too long?<\/span>\n\t\t\t\t\t\t<\/div>\n\t\t\t\t\t\t<div class=\"ead-document-btn ead-reload-btn\" role=\"button\">\n\t\t\t\t\t\t\t\t<img loading=\"lazy\" decoding=\"async\" src=\"https:\/\/heatavajuhend.epkk.ee\/piimatootleja\/wp-content\/plugins\/embed-any-document\/images\/reload.svg\" alt=\"Reload\" width=\"12\" height=\"12\"\/> Reload document\t\t\t\t\t\t\t<\/div>\n\t\t\t\t\t\t\t<span>|<\/span>\n\t\t\t\t\t\t\t<a href=\"https:\/\/heatavajuhend.epkk.ee\/piimatootleja\/wp-content\/uploads\/2019\/12\/EKP-taitmiseks-piimatootleja-161219.pdf\" class=\"ead-document-btn\" target=\"_blank\">\n\t\t\t\t\t\t\t\t<img loading=\"lazy\" decoding=\"async\" src=\"https:\/\/heatavajuhend.epkk.ee\/piimatootleja\/wp-content\/plugins\/embed-any-document\/images\/open.svg\" alt=\"Open\" width=\"12\" height=\"12\"\/> Open in new tab\t\t\t\t\t\t\t<\/a>\n\t\t\t\t\t<\/div>\n\t\t\t\t<\/div>\n\t\t\t<\/div>\n\t\t<\/div><\/div>\n<p>[\/vc_column_text][\/vc_column][\/vc_row][vc_row row_type=&#8221;row&#8221; use_row_as_full_screen_section=&#8221;no&#8221; type=&#8221;full_width&#8221; text_align=&#8221;left&#8221; css_animation=&#8221;&#8221;][vc_column][vc_column_text] [\/vc_column_text][\/vc_column][\/vc_row][vc_row row_type=&#8221;row&#8221; use_row_as_full_screen_section=&#8221;no&#8221; type=&#8221;full_width&#8221; text_align=&#8221;left&#8221; css_animation=&#8221;&#8221;][vc_column][vc_column_text] [\/vc_column_text][\/vc_column][\/vc_row]<\/p>\n<p>[vc_row row_type=&#8221;row&#8221; use_row_as_full_screen_section=&#8221;no&#8221; type=&#8221;full_width&#8221; text_align=&#8221;left&#8221; css_animation=&#8221;&#8221;][vc_column][vc_empty_space height=&#8221;60px&#8221;][\/vc_column][\/vc_row]<\/p>\n<\/div>","protected":false},"excerpt":{"rendered":"<p>[vc_row row_type=&#8221;row&#8221; use_row_as_full_screen_section=&#8221;no&#8221; type=&#8221;full_width&#8221; text_align=&#8221;left&#8221; css_animation=&#8221;&#8221;][vc_column][vc_column_text] Piimat\u00f6\u00f6tlejate enesekontrolliplaani dokumentatsiooni loomise&#8230;<\/p>\n","protected":false},"author":1,"featured_media":0,"parent":0,"menu_order":0,"comment_status":"closed","ping_status":"closed","template":"","meta":{"footnotes":""},"_links":{"self":[{"href":"https:\/\/heatavajuhend.epkk.ee\/piimatootleja\/wp-json\/wp\/v2\/pages\/27406"}],"collection":[{"href":"https:\/\/heatavajuhend.epkk.ee\/piimatootleja\/wp-json\/wp\/v2\/pages"}],"about":[{"href":"https:\/\/heatavajuhend.epkk.ee\/piimatootleja\/wp-json\/wp\/v2\/types\/page"}],"author":[{"embeddable":true,"href":"https:\/\/heatavajuhend.epkk.ee\/piimatootleja\/wp-json\/wp\/v2\/users\/1"}],"replies":[{"embeddable":true,"href":"https:\/\/heatavajuhend.epkk.ee\/piimatootleja\/wp-json\/wp\/v2\/comments?post=27406"}],"version-history":[{"count":36,"href":"https:\/\/heatavajuhend.epkk.ee\/piimatootleja\/wp-json\/wp\/v2\/pages\/27406\/revisions"}],"predecessor-version":[{"id":28019,"href":"https:\/\/heatavajuhend.epkk.ee\/piimatootleja\/wp-json\/wp\/v2\/pages\/27406\/revisions\/28019"}],"wp:attachment":[{"href":"https:\/\/heatavajuhend.epkk.ee\/piimatootleja\/wp-json\/wp\/v2\/media?parent=27406"}],"curies":[{"name":"wp","href":"https:\/\/api.w.org\/{rel}","templated":true}]}}